, 7577
List the prime factors of 199659068.
2, 7, 19, 59, 6361
List the prime factors of 1193396154.
2, 3, 347, 573197
List the prime factors of 46564997.
46564997
What are the prime factors of 1079038204?
2, 31, 8701921
What are the prime factors of 94451203?
7, 11, 31, 39569
List the prime factors of 2038529638.
2, 43, 23703833
What are the prime factors of 114843267?
3, 7, 11, 165719
What are the prime factors of 685050446?
2, 23, 127, 149, 787
What are the prime factors of 1618260803?
193, 8384771
What are the prime factors of 133260797?
7927, 16811
List the prime factors of 3090340.
2, 5, 11, 1277
List the prime factors of 1091581518.
2, 3, 23, 29, 272759
What are the prime factors of 5867294499?
3, 11, 37, 1601773
What are the prime factors of 162658962?
2, 3, 19, 158537
What are the prime factors of 33113395?
5, 7, 293, 3229
What are the prime factors of 2949239179?
37, 79709167
What are the prime factors of 2200722767?
31, 70991057
List the prime factors of 68569930.
2, 5, 11, 13, 47951
What are the prime factors of 43068585?
3, 5, 7, 43, 9539
List the prime factors of 875237837.
23, 89, 239, 1789
List the prime factors of 199779030.
2, 3, 5, 11, 201797
What are the prime factors of 7880809?
17, 109, 4253
What are the prime factors of 11915669?
331, 35999
List the prime factors of 278227023.
3, 101, 757, 1213
List the prime factors of 519936995.
5, 19, 1543, 3547
What are the prime factors of 189294642?
2, 3, 1669, 6301
List the prime factors of 37067326.
2, 149, 173, 719
What are the prime factors of 433517841?
3, 48168649
List the prime factors of 25309008.
2, 3, 175757
What are the prime factors of 1120799768?
2, 11, 1157851
List the prime factors of 909276025.
5, 7, 17, 305639
What are the prime factors of 3188732862?
2, 3, 7, 75922211
List the prime factors of 341777170.
2, 5, 7, 31, 239, 659
What are the prime factors of 2084924197?
2084924197
What are the prime factors of 375068298?
2, 3, 11, 516623
What are the prime factors of 115720228?
2, 13, 2225389
What are the prime factors of 419603072?
2, 7, 149, 449
What are the prime factors of 817567503?
3, 37, 383, 19231
What are the prime factors of 215166354?
2, 3, 13, 2758543
List the prime factors of 63478464.
2, 3, 7, 73, 647
List the prime factors of 127837254.
2, 3, 21306209
List the prime factors of 21203641.
17, 73369
List the prime factors of 241762005.
3, 5, 139, 38651
List the prime factors of 48578005.
5, 7, 1387943
List the prime factors of 2637588.
2, 3, 219799
List the prime factors of 739267928.
2, 7, 1163, 11351
List the prime factors of 295422665.
5, 59084533
List the prime factors of 3671246337.
3, 11, 167, 666167
What are the prime factors of 2121941423?
7, 373, 116099
List the prime factors of 7221771.
3, 37, 7229
What are the prime factors of 177902965?
5, 29, 593, 2069
List the prime factors of 283932550.
2, 5, 11, 71, 661
List the prime factors of 3626802815.
5, 725360563
List the prime factors of 922667457.
3, 307555819
List the prime factors of 2352947303.
7, 179, 547, 3433
List the prime factors of 3333644.
2, 607, 1373
What are the prime factors of 505539021?
3, 13, 12962539
List the prime factors of 196893070.
2, 5, 11, 41, 149, 293
What are the prime factors of 21410921?
7, 3058703
List the prime factors of 11223795.
3, 5, 11, 68023
What are the prime factors of 52900031?
29, 1824139
What are the prime factors of 32408902?
2, 17, 233, 4091
What are the prime factors of 574818540?
2, 3, 5, 9580309
List the prime factors of 745180132.
2, 186295033
What are the prime factors of 12688266?
2, 3, 2114711
List the prime factors of 49723659.
3, 31, 59407
List the prime factors of 151668394.
2, 23, 131, 25169
What are the prime factors of 54231387?
3, 7, 7529
List the prime factors of 1432417626.
2, 3, 79578757
List the prime factors of 668912342.
2, 7, 277, 172489
What are the prime factors of 302432690?
2, 5, 7, 19, 227393
What are the prime factors of 1133012288?
2, 17703317
What are the prime factors of 175605484?
2, 5011, 8761
What are the prime factors of 126050490?
2, 3, 5, 37, 37853
List the prime factors of 101850479.
101850479
What are the prime factors of 118246812?
2, 3, 9853901
List the prime factors of 77950033.
7, 59, 457
What are the prime factors of 192765647?
4139, 46573
List the prime factors of 1388750.
2, 5, 11, 101
What are the prime factors of 2666594?
2, 7, 190471
List the prime factors of 1331542631.
199, 6691169
List the prime factors of 188943114.
2, 3, 23, 1369153
What are the prime factors of 256095362?
2, 331, 386851
List the prime factors of 223221294.
2, 3, 29, 79, 5413
What are the prime factors of 2825905042?
2, 521, 2712001
What are the prime factors of 233828030?
2, 5, 17, 151, 9109
List the prime factors of 489119278.
2, 29, 281, 30011
What are the prime factors of 969805204?
2, 242451301
List the prime factors of 1752053812.
2, 3203, 136751
List the prime factors of 111566655.
3, 5, 37, 1811
List the prime factors of 42198085.
5, 8439617
List the prime factors of 9902938.
2, 71, 69739
What are the prime factors of 492621705?
3, 5, 23, 103, 4621
What are the prime factors of 83572445?
5, 11, 1519499
List the prime factors of 43592206.
2, 7, 101, 30829
List the prime factors of 1122236693.
29, 38697817
List the prime factors of 74974282.
2, 37487141
List the prime factors of 197884158.
2, 3, 32980693
What are the prime factors of 73866241?
17, 4345073
List the prime factors of 2516195.
5, 11, 4159
What are the prime factors of 2701573807?
2701573807
What are the prime factors of 146471234?
2, 7, 13, 37, 21751
What are the prime factors of 2165773?
2165773
List the prime factors of 51844544.
2, 810071
List the prime factors of 108264792.
2, 3, 1279, 3527
List the prime factors of 1507097189.
13, 127, 912839
What are the prime factors of 46608553?
433, 107641
List the prime factors of 4893162.
2, 3, 815527
List the prime factors of 379561677.
3, 11, 11501869
What are the prime factors of 1239540721?
271, 1153, 3967
What are the prime factors of 2713470715?
5, 89, 6097687
List the prime factors of 145228244.
2, 7, 73, 227, 313
What are the prime factors of 131750603?
241, 546683
List the prime factors of 205959422.
2, 43, 149, 16073
List the prime factors of 1057598447.
1057598447
What are the prime factors of 213518842?
2, 106759421
What are the prime factors of 120142866?
2, 3, 4079, 4909
What are the prime factors of 1579867544?
2, 59, 577, 5801
List the prime factors of 4473306013.
11, 1723, 236021
List the prime factors of 921048412.
2, 947, 243149
List the prime factors of 649270749.
3, 17, 23, 553513
What are the prime factors of 2667666624?
2, 3, 7, 283553
List the prime factors of 745171723.
173, 4307351
List the prime factors of 2846228995.
5, 17, 33485047
List the prime factors of 2341509483.
3, 12263, 63647
What are the prime factors of 481688030?
2, 5, 17, 557, 5087
What are the prime factors of 177208486?
2, 7, 13, 83, 11731
What are the prime factors of 28899164?
2, 7, 281, 3673
List the prime factors of 19286291.
19286291
List the prime factors of 195961891.
89, 373, 5903
What are the prime factors of 199596115?
5, 59, 676597
List the prime factors of 7792605.
3, 5, 71, 271
List the prime factors of 49655448.
2, 3, 593, 1163
What are the prime factors of 6446041768?
2, 2087, 386083
What are the prime factors of 306443796?
2, 3, 67, 113, 3373
List the prime factors of 121212127.
121212127
List the prime factors of 7528990644.
2, 3, 7, 29876947
What are the prime factors of 1459412273?
11, 7673, 17291
What are the prime factors of 432457491?
3, 1451, 99347
List the prime factors of 724072191.
3, 241357397
List the prime factors of 43021328.
2, 7, 43, 8933
List the prime factors of 1037069.
11, 29, 3251
List the prime factors of 4034592396.
2, 3, 4001, 9337
List the prime factors of 254564977.
4723, 53899
List the prime factors of 370348449.
3, 41, 1327, 2269
List the prime factors of 1822452500.
2, 5, 11, 66271
What are the prime factors of 177835054?
2, 6679, 13313
What are the prime factors of 233369167?
233369167
What are the prime factors of 617641625?
5, 229, 21577
What are the prime factors of 812916322?
2, 406458161
What are the prime factors of 74336944?
2, 11, 422369
List the prime factors of 60655857